2359 = o*v. Is v a composite number?
False
Let m(z) = 48*z + 35. Let d(l) = 97*l + 71. Let a(g) = 2*d(g) - 5*m(g). Is a(-11) a composite number?
True
Let k(d) = -104*d**3 + 2*d**2 - 1. Is k(-2) a composite number?
False
Let j(k) = 2*k**3 + 2*k**2 - k - 1. Let s be j(2). Let u = 115 - s. Is u prime?
False
Is (156145/(-220))/(1/(-4)) a prime number?
False
Let j = -45 + 52. Suppose -j*g = -2*g, 4*g + 1912 = 4*h. Is h prime?
False
Let u(g) = -4*g - 21. Let s be u(-6). Suppose -2*z + 5*t = -1705, t - s*t = -2*z + 1720. Is z composite?
True
Let c be (-12)/(-20) + (-7)/(-5). Let p(j) = 1 + 4*j - j + 13*j**2 - j**c. Is p(-2) a prime number?
True
Let u = -4415 - -10062. Let h = -3866 + u. Is h a composite number?
True
Suppose 0 = 2*h - 4*h - 42. Is (2/14)/(-1) - 10230/h a prime number?
True
Let a(y) = 44*y - 3. Let r be a(10). Suppose 3*n - r = -2*q + 228, 2*n - 448 = q. Is n prime?
True
Let h be -6 + 8 - 0/2. Suppose -5*k + i + 13 = 0, -4*k + h*i + 6 = -i. Suppose -231 = -k*c + 108. Is c a prime number?
True
Let c(u) = -336*u - 5. Let n(a) = 1 + 2 - 3 - 1. Let o(k) = -c(k) + 4*n(k). Is o(1) a composite number?
False
Suppose -4*r + 33 = 5*y, -2*r - 13 = -y - 6*r. Suppose -8*l = -y*l - 879. Is l a prime number?
True
Let t(u) be the third derivative of 0*u + 13/6*u**3 - 7/4*u**4 + 0 - 3*u**2. Is t(-7) a composite number?
False
Let t = -13 - -5. Let u(w) = -8*w + 13. Is u(t) a prime number?
False
Suppose 2*v - 435 = v - 3*q, -4*v + 1740 = 5*q. Suppose -v - 198 = -3*f. Is f a composite number?
False
Let z(g) = 2*g**2 + 5*g. Let h be z(-3). Suppose 3*n = -4*r + 1495, -n = h*r - 391 - 114. Is n a composite number?
True
Let j be -2 + 3 + -4 + 1. Is (-6580)/(-25) + j/10 a prime number?
True
Suppose -2*f = -3*f. Let k be ((-4)/2 - -385) + f. Suppose -2*a + k = -371. Is a a prime number?
False
Suppose 707 = 4*x - k, 6*x - 2*x = -3*k + 711. Suppose 3*c + 12 = c. Is (x/6)/((-3)/c) a prime number?
True
Let n = 18 + -16. Let y(v) = -2 - 7*v**2 - 3*v + 23*v**2 + 22*v**n. Is y(3) a prime number?
True
Let w(u) = 933*u**3 - 3*u**2 + 12*u - 1. Is w(3) composite?
True
Suppose 0 = 4*w + 4*j + 332, 3*w + 0*j + j = -249. Let a = w + 145. Let f = 141 - a. Is f composite?
False
Suppose -s - 484 - 689 = 0. Let q = -406 - s. Is q a composite number?
True
Suppose -a - 3214 = -v, 10*v - 5*v + 2*a = 16077. Is v composite?
True
Let r = -120 - 80. Let t be 11/((-55)/r) + 4. Suppose 2*u + 0*u = t. Is u a prime number?
False
Let f = 376 + -639. Is f/((8/2)/(-4)) a composite number?
False
Is (-13641)/((-30)/(-200) + (-6)/8) a composite number?
True
Let x = 45 - -545. Suppose -5*h = -5*d - 1000, 4*h = h - 2*d + x. Suppose -19 = -v + h. Is v composite?
True
Let j be -1 - (-3)/3 - -4. Let p(m) = -79*m + 14. Let w be p(j). Let f = w - -565. Is f prime?
True
Suppose 3*j - 3*f + 1034 = 7*j, 3*j - 5*f - 790 = 0. Suppose 4*s + 20 = 0, 5*t - 3*s - j = -4*s. Is t composite?
False
Is (1347 - 1)*130/52 prime?
False
Suppose 96*m - 18820 = 76*m. Is m composite?
False
Let w = -46690 + 75857. Is w a composite number?
False
Let v = -12474 - -20471. Is v a prime number?
False
Let m = -1449 - -8042. Is m a composite number?
True
Let u = 75 + -71. Suppose 3*d - 2700 = n - u*n, 904 = n - 3*d. Is n a prime number?
False
Let y = -1657 + 956. Is (-3 + (-15)/(-6))*2*y a prime number?
True
Let p(j) = j**3 + 3*j**2 + j + 4. Let a be p(-3). Suppose 2*z = -3*m + 11, 0 = -z - m + a + 3. Is (3 + z)/4*35 a composite number?
True
Let g(z) = 369*z**2 - 25*z - 13. Is g(6) composite?
False
Is -1*15874*(-5)/(14 - 4) a composite number?
False
Let s(f) = f**2 - 4. Let p be s(3). Let g(x) = 12*x**3 - x**2 + 13*x - 5. Is g(p) prime?
False
Suppose -2*n = 5*i + 18 - 1, 26 = 4*n - 2*i. Is n + 554 + -1 + 0 a composite number?
False
Let q(r) = 89*r**3 - 3*r**2 + 3*r - 33. Is q(4) composite?
True
Suppose 463*q - 1257983 = 446*q. Is q composite?
False
Let s(b) = 2*b**3 - 19*b**2 - 19*b - 36. Let k(a) = -a**3 + 9*a**2 + 9*a + 18. Let g(u) = 7*k(u) + 4*s(u). Is g(15) composite?
True
Suppose 0 = -q + 2*f - 16, -q = 2*q - f + 38. Is (-24634)/q + (-12)/(-72) composite?
False
Suppose -27*l + 406319 = 68414. Is l composite?
True
Let p(l) = -15*l + 10. Let n be p(-6). Let v = 351 - n. Is v composite?
False
Suppose 2*z = -5*y - 42 - 30, 4*z + 2*y = -144. Let w = -70 - -193. Let j = w + z. Is j prime?
False
Suppose 0 = -27*t + 26*t - 10. Is 8/t - (-299235)/75 composite?
False
Let r(l) = 1566*l**3 - 5*l**2 + 11*l - 15. Is r(2) a composite number?
True
Let k be 112 + 3 + 25/(-5). Let l = 193 - k. Is l a composite number?
False
Suppose -2*f - 42 = -4*j, -2*j - f - 9 = 4*f. Let w be (-1)/(-2) + (-42)/(-4). Is w/(-44) - (-1466)/j composite?
True
Let c = 141 + -78. Suppose -c = 5*s - 548. Is s prime?
True
Let y(h) = -350*h - 13. Is y(-9) a prime number?
True
Let m be (1/4)/(-1 + (-2745)/(-2740)). Suppose -337 = -5*a - 4*y, -78 = -3*a + 4*y + m. Is a composite?
True
Suppose -4*k - 38 = -l - 5, 2*k = -5*l + 11. Let s(n) = -3*n - 15. Is s(k) composite?
True
Let d be (-2)/(-4) - (-21)/6. Suppose -d*c = -1219 - 309. Suppose 0 = i + 2*g - 415, 3*i + 2*g - 855 = c. Is i a prime number?
False
Let p(z) = 2*z - 8. Let r be p(6). Is r*1/4*143 a composite number?
True
Let g(p) = -10*p**3 + p**2 - 6*p - 7. Is g(-4) prime?
True
Suppose c - 7*n + 9*n - 5711 = 0, 0 = -2*c + 3*n + 11429. Is c prime?
False
Let q(f) be the second derivative of -f**4/12 - f**3/6 + 21*f**2/2 + f. Let t = -272 + 272. Is q(t) composite?
True
Suppose j - 14 + 89 = 0. Let f = j - -140. Is f a composite number?
True
Suppose 0 = -5*j + 2*n + 5, -5*j + j + 2 = -2*n. Suppose b = j*b + 24. Is ((-101)/2)/(3/b) a prime number?
False
Let f be 14/(-7) + 14/2. Suppose -4*m + f*w + 3 + 34 = 0, 4*m = 2*w + 22. Suppose -c - 796 = -m*n - n, -5*c = 0. Is n prime?
True
Let s = -27592 - -40685. Is s composite?
False
Let s be (-1)/((-2 + 4)/(-4)). Let c(j) = -6*j**2 + 441 - 148 + 5*j**s - 2*j + 3*j. Is c(0) a composite number?
False
Let z(x) = 2*x**2 - 58*x - 41. Is z(33) a composite number?
False
Suppose 525 = 2*x - 3*b, x - b - 275 + 11 = 0. Suppose 1680 = 4*c - z, -c - 5*z + 132 = -x. Is c a composite number?
False
Suppose 0 = -2*k + 3*w + w + 804, -w = 5*k - 2010. Suppose 0 = -2*x + k + 400. Is x a composite number?
False
Let l be (-2)/(-4) - (-410)/(-20). Let b = -35 - l. Let u = b + 58. Is u composite?
False
Suppose -432 = -5*j - 2*r, -3*j + 8*r - 6*r + 256 = 0. Let m = j + 81. Is m a composite number?
False
Suppose i + 5*n - 17 = 13, -4*i = 3*n - 69. Suppose -i = -h + g, -2*h - g = -35 - 7. Is h prime?
True
Let y = -169 + -111. Let t = 139 - y. Is t prime?
True
Suppose 21 - 1 = 5*b. Suppose 5580 = 4*i - 5*g + g, b*i = -g + 5600. Is i composite?
False
Suppose 0 = -0*o - 2*o. Suppose o = 2*m + 24 - 484. Suppose 0 = 4*l - 2*l - m. Is l composite?
True
Suppose 0 = -2*a + 2*x + 184 + 188, 732 = 4*a + 2*x. Let v = 311 - a. Is v a prime number?
True
Let v = 7520 - 3861. Is v a prime number?
True
Let y(a) = 0*a + 2*a - 2*a**3 - 11 + 6*a - 13*a**2 + 7*a**2. Suppose -36 = 6*p - 2*p + 4*w, 4*w = 0. Is y(p) prime?
False
Let q = -4 + 9. Suppose -c - 808 = -q*c. Is c a composite number?
True
Let c = 63 - -19. Let m be (-28)/(-63)*(7 + 2). Is c/m*(17 + -3) a composite number?
True
Let p(j) = 416*j**3 - 13*j**2 + 10*j - 9. Let a(o) = -139*o**3 + 4*o**2 - 3*o + 3. Let b(x) = -7*a(x) - 2*p(x). Is b(2) a prime number?
False
Suppose 2*x + 2902 = 5*r - 2349, 2*x + 2104 = 2*r. Is r composite?
False
Let r be 28/(-21) - (-154)/(-6). Let y = r - -32. Suppose k - 5*t = 553, -6*k = -y*k + 3*t - 529. Is k a composite number?
True
Suppose 2*j + 1634 = 3*m - m, -1650 = -2*m - 2*j. Is m a composite number?
False
Let f(h) = -38*h**3 + 7*h - 6. Let g be f(3). Let t be 3180/(-7) + (-2)/(-7). Let n = t - g. Is n a composite number?
False
Suppose -2*r = 168 - 696. Let c = r + 53. Is c composite?
False
Suppose b + 4*w = 21, -b = 2*b - w - 76. Let o be b/2 + (-7)/14. Let g(m) = 15*m + 11. Is g(o) a prime number?
True
Suppose -8 = -4*r, 23745 + 9884 = 3*v + r. Is v a composite number?
True
Is ((-27)/(-12) + -1)/(1/5036) composite?
True
Let j be 0 - (3 + 0 - 2). Let d(m) be the first derivative of -571*m**4/2 - 2*m**3/3 - m**2/2 + 11. Is d(j) prime?
False
Let a(s) be the first derivative of 1/3*s**3 + 2*s - 11/2*s**2 + 4. Is a(12) a pr